8) to base 16.
1140
104663 (base 7) to base 5
1043033
Convert -203353 (base 6) to base 15.
-4c96
Convert 110021 (base 3) to base 14.
199
Convert -a86 (base 14) to base 11.
-161a
1346 (base 8) to base 10
742
Convert -121010 (base 3) to base 4.
-12303
23462 (base 8) to base 6
114242
111001 (base 3) to base 5
2402
What is 101076 (base 8) in base 11?
23061
Convert -10350 (base 6) to base 15.
-659
4543 (base 6) to base 15
4b6
Convert 161 (base 8) to base 3.
11012
Convert -1000010000010 (base 2) to base 8.
-10202
-228 (base 12) to base 2
-101000000
What is 3b3 (base 13) in base 15?
2d8
2447 (base 8) to base 9
1725
Convert -306 (base 16) to base 13.
-477
Convert 749 (base 10) to base 11.
621
What is 1000110011 (base 2) in base 15?
278
What is -1470 (base 9) in base 13?
-67b
1078 (base 15) to base 10
3488
What is -51 (base 10) in base 16?
-33
What is -8bb (base 16) in base 4?
-202323
1011110110000 (base 2) to base 5
143224
Convert -950 (base 10) to base 2.
-1110110110
Convert -2423 (base 8) to base 15.
-5b9
200110 (base 3) to base 9
613
30 (base 11) to base 10
33
336225 (base 7) to base 11
40a23
-244140 (base 5) to base 11
-6a90
What is 22b (base 12) in base 11?
274
-13961 (base 10) to base 7
-55463
2147 (base 10) to base 5
32042
What is -10000101101110 (base 2) in base 8?
-20556
-3065 (base 16) to base 2
-11000001100101
Convert -3637 (base 14) to base 12.
-5581
Convert 65385 (base 9) to base 5.
2341311
-15030 (base 7) to base 10
-4137
15233 (base 8) to base 14
26a7
865e (base 16) to base 4
20121132
Convert -439 (base 10) to base 3.
-121021
What is 124455 (base 7) in base 4?
11222301
What is e28 (base 15) in base 4?
301310
What is -1011001101000 (base 2) in base 13?
-27c3
Convert 1515 (base 7) to base 3.
211020
63 (base 14) to base 6
223
What is 3022 (base 5) in base 7?
1062
-247 (base 13) to base 6
-1501
20030 (base 4) to base 12
378
What is -100030122 (base 4) in base 15?
-149c0
Convert -100100100 (base 2) to base 6.
-1204
Convert -3b61 (base 14) to base 11.
-7961
What is -7890 (base 11) in base 8?
-24220
What is -3700 (base 10) in base 2?
-111001110100
What is -2086 (base 11) in base 5?
-42011
-224133 (base 5) to base 3
-102000220
What is -1838 (base 10) in base 15?
-828
Convert 111102 (base 3) to base 13.
21b
What is 11101100010010 (base 2) in base 11?
103a8
What is -55530 (base 6) in base 12?
-45a6
-3042 (base 5) to base 10
-397
Convert -325a (base 11) to base 12.
-25a4
What is 61a (base 12) in base 14?
474
112102 (base 3) to base 14
1db
Convert 478 (base 9) to base 11.
32a
What is 534 (base 8) in base 6?
1340
-1212 (base 7) to base 8
-702
What is 124532 (base 8) in base 6?
532414
What is 36 (base 7) in base 8?
33
Convert -3551 (base 9) to base 4.
-221032
Convert 403422 (base 5) to base 12.
7623
Convert 150 (base 13) to base 9.
280
What is b2c (base 15) in base 8?
4725
What is -204531 (base 6) in base 7?
-66304
What is -1010110220 (base 3) in base 13?
-a161
Convert -32e (base 16) to base 14.
-422
-185bb (base 15) to base 5
-10011201
Convert 122111 (base 3) to base 4.
13120
What is 14414 (base 12) in base 10?
28240
What is -2311010 (base 4) in base 16?
-2d44
What is -13442 (base 5) in base 8?
-2142
What is 285 (base 12) in base 7?
1064
-110010111001001 (base 2) to base 3
-1022202002
10202 (base 3) to base 12
85
Convert 1001 (base 9) to base 6.
3214
Convert 11001010011 (base 2) to base 12.
b2b
-1002101202 (base 3) to base 4
-11032313
What is 218 (base 15) in base 9?
575
1010121220 (base 3) to base 6
251210
What is -221 (base 15) in base 8?
-741
What is -57348 (base 9) in base 2?
-1001010100110011
Convert -223032 (base 4) to base 2.
-101011001110
Convert -1111002101 (base 3) to base 15.
-89d4
610 (base 7) to base 10
301
-6365 (base 8) to base 13
-1682
What is 145 (base 7) in base 4?
1102
What is -147570 (base 8) in base 5?
-3144422
-2425 (base 8) to base 11
-a83
352512 (base 6) to base 7
154466
Convert 4c (base 15) to base 5.
242
-112012000 (base 3) to base 2
-10100001100101
-91 (base 14) to base 10
-127
4334 (base 6) to base 8
1742
484 (base 13) to base 5
11114
Convert -10021122202 (base 3) to base 11.
-44616
Convert -2bab6 (base 12) to base 5.
-3441213
What is 8a70 (base 13) in base 2?
100101110011101
Convert 120001 (base 4) to base 3.
2002221
-5642 (base 12) to base 11
-71a6
What is 1000212 (base 3) in base 16?
2f0
Convert -306 (base 9) to base 14.
-13b
What is -19a (base 14) in base 15?
-172
Convert -4850 (base 9) to base 7.
-13344
Convert 357 (base 8) to base 12.
17b
Convert -100001011101100 (base 2) to base 12.
-9ab8
Convert 34110 (base 5) to base 8.
4545
-3123311 (base 4) to base 2
-11011011110101
What is 33723 (base 8) in base 11?
a812
Convert -34341 (base 10) to base 13.
-12828
Convert -38377 (base 10) to base 3.
-1221122101
1c0 (base 14) to base 8
554
What is -3a4a (base 15) in base 6?
-133341
-a540 (base 11) to base 10
-13959
Convert 544 (base 9) to base 10.
445
-5461 (base 7) to base 10
-1954
-2332 (base 8) to base 13
-747
3444 (base 5) to base 14
279
Convert 25 (base 8) to base 9.
23
Convert 2695 (base 10) to base 3.
10200211
-118bb (base 14) to base 7
-236024
Convert -13021 (base 4) to base 14.
-249
Convert -284 (base 12) to base 7.
-1063
Convert -121122 (base 4) to base 7.
-4512
Convert 41 (base 9) to base 6.
101
What is -1151220 (base 6) in base 16?
-ef1c
101000 (base 3) to base 8
416
Convert -1440 (base 8) to base 15.
-385
10302221 (base 4) to base 2
100110010101001
What is 102 (base 14) in base 6?
530
What is 32462 (base 10) in base 13?
11a11
Convert -1859 (base 13) to base 8.
-7047
-10112221121 (base 3) to base 6
-1255454
Convert -442a (base 12) to base 15.
-2367
What is 10110010111 (base 2) in base 15?
656
Convert -4031 (base 6) to base 2.
-1101110011
Convert -8169 (base 10) to base 5.
-230134
What is -32131 (base 4) in base 16?
-39d
What is -100000011010011 (base 2) in base 11?
-11517
Convert -10021200 (base 3) to base 5.
-34034
Convert -23967 (base 10) to base 7.
-126606
Convert -314 (base 16) to base 10.
-788
-1522 (base 8) to base 10
-850
What is 256 (base 10) in base 12?
194
Convert -62018 (base 10) to base 15.
-13598
a43 (base 12) to base 6
10523
Convert 8ab2 (base 13) to base 11.
13647
What is -4435 (base 10) in base 7?
-15634
545 (base 12) to base 13
476
What is -3177 (base 11) in base 7?
-15145
Convert -222112 (base 4) to base 5.
-41320
What is -1000011011011100 (base 2) in base 13?
-12939
-358 (base 10) to base 14
-1b8
-453 (base 13) to base 7
-2112
520 (base 11) to base 10
627
Convert -740 (base 9) to base 7.
-1521
Convert -4012 (base 16) to base 9.
-24444
What is 153434 (base 6) in base 8?
35336
5ed (base 15) to base 13
7c9
3623 (base 11) to base 10
4744
-120 (base 15) to base 3
-100110
a82 (base 12) to base 9
2088
Convert 55 (base 13) to base 8.
106
Convert -662 (base 15) to base 8.
-2642
Convert -14a4 (base 11) to base 15.
-889
Convert 15b6 (base 12) to base 10.
2586
Convert -93ac (base 15) to base 11.
-214a5
262 (base 12) to base 9
442
Convert 3393 (base 12) to base 6.
42303
-340 (base 11) to base 3
-120002
-301014 (base 5) to base 2
-10010100100101
-3310031 (base 4) to base 6
-200205
3121233 (base 4) to base 7
55425
Convert 10410 (base 6) to base 5.
21241
Convert -569 (base 11) to base 9.
-835
Convert -33c (base 13) to base 3.
-202200
-3511 (base 9) to base 11
-1a56
Convert 116 (base 12) to base 7.
321
Convert 5046 (base 8) to base 11.
1a52
What is -386 (base 11) in base 3?
-121221
3341330 (base 5) to base 7
333624
What is -191 (base 14) in base 10?
-323
-1a006 (base 11) to base 14
-a28d
What is 2211012000 (base 3) in base 15?
116c9
What is -10ec (base 16) in base 10?
-4332
What is 406 (base 9) in base 12?
236
What is -3002 (base 4) in base 13?
-11c
Convert 234 (base 9) to base 4.
3001
-395 (base 14) to base 3
-222122
What is 20101 (base 6) in base 2?
101001000101
Convert -100c1 (base 13) to base 14.
-a674
32f2 (base 16) to base 8
31362
-450552 (base 6) to base 9
-56755
What is -19311 (base 13) in base 10?
-48855
Convert -41302 (base 5) to base 12.
-1692
What is -15434 (base 8) in base 12?
-4024
What is 3110 (base 7) in base 4?
100331
What is -152 (base 15) in base 11?
-255
-1231320 (base 4) to base 14
-27c4
297 (base 12) to base 15
1bd
Convert -5468 (base 9) to base 16.
-fbf
What is -10540 (base 9) in base 2